[INFO] cloning repository https://github.com/shadowgabriel/xor_encoder
[INFO] running `Command { std: "git" "-c" "credential.helper=" "-c" "credential.helper=/workspace/cargo-home/bin/git-credential-null" "clone" "--bare" "https://github.com/shadowgabriel/xor_encoder" "/workspace/cache/git-repos/https%3A%2F%2Fgithub.com%2Fshadowgabriel%2Fxor_encoder", kill_on_drop: false }`
[INFO] [stderr] Cloning into bare repository '/workspace/cache/git-repos/https%3A%2F%2Fgithub.com%2Fshadowgabriel%2Fxor_encoder'...
[INFO] running `Command { std: "git" "rev-parse" "HEAD", kill_on_drop: false }`
[INFO] [stdout] 122a94f41556bdde01e66298f64c2e310764b123
[INFO] checking shadowgabriel/xor_encoder against master#af3c6e733a40e671550e0f0f5aeecaa13772ba56 for pr-74989
[INFO] running `Command { std: "git" "clone" "/workspace/cache/git-repos/https%3A%2F%2Fgithub.com%2Fshadowgabriel%2Fxor_encoder" "/workspace/builds/worker-0/source", kill_on_drop: false }`
[INFO] [stderr] Cloning into '/workspace/builds/worker-0/source'...
[INFO] [stderr] done.
[INFO] validating manifest of git repo https://github.com/shadowgabriel/xor_encoder on toolchain af3c6e733a40e671550e0f0f5aeecaa13772ba56
[INFO] running `Command { std: "/workspace/cargo-home/bin/cargo" "+af3c6e733a40e671550e0f0f5aeecaa13772ba56" "read-manifest" "--manifest-path" "Cargo.toml", kill_on_drop: false }`
[INFO] started tweaking git repo https://github.com/shadowgabriel/xor_encoder
[INFO] finished tweaking git repo https://github.com/shadowgabriel/xor_encoder
[INFO] tweaked toml for git repo https://github.com/shadowgabriel/xor_encoder written to /workspace/builds/worker-0/source/Cargo.toml
[INFO] crate git repo https://github.com/shadowgabriel/xor_encoder already has a lockfile, it will not be regenerated
[INFO] running `Command { std: "/workspace/cargo-home/bin/cargo" "+af3c6e733a40e671550e0f0f5aeecaa13772ba56" "fetch" "--locked" "--manifest-path" "Cargo.toml", kill_on_drop: false }`
[INFO] running `Command { std: "docker" "create" "-v" "/var/lib/crater-agent-workspace/builds/worker-0/target:/opt/rustwide/target:rw,Z" "-v" "/var/lib/crater-agent-workspace/builds/worker-0/source:/opt/rustwide/workdir:ro,Z" "-v" "/var/lib/crater-agent-workspace/cargo-home:/opt/rustwide/cargo-home:ro,Z" "-v" "/var/lib/crater-agent-workspace/rustup-home:/opt/rustwide/rustup-home:ro,Z" "-e" "SOURCE_DIR=/opt/rustwide/workdir" "-e" "CARGO_TARGET_DIR=/opt/rustwide/target" "-e" "CARGO_HOME=/opt/rustwide/cargo-home" "-e" "RUSTUP_HOME=/opt/rustwide/rustup-home" "-w" "/opt/rustwide/workdir" "-m" "1610612736" "--user" "0:0" "--network" "none" "rustops/crates-build-env@sha256:d92eaeed33fa75130ca1ee6c8a01d1ffb62bac859dfdfb3450e3e5d1c0146529" "/opt/rustwide/cargo-home/bin/cargo" "+af3c6e733a40e671550e0f0f5aeecaa13772ba56" "metadata" "--no-deps" "--format-version=1", kill_on_drop: false }`
[INFO] [stderr] WARNING: Your kernel does not support swap limit capabilities or the cgroup is not mounted. Memory limited without swap.
[INFO] [stdout] 03af4a8a3413634af6de236d7a069080f95a5c7cf773bd6e3201cd997efbabf6
[INFO] running `Command { std: "docker" "start" "-a" "03af4a8a3413634af6de236d7a069080f95a5c7cf773bd6e3201cd997efbabf6", kill_on_drop: false }`
[INFO] running `Command { std: "docker" "inspect" "03af4a8a3413634af6de236d7a069080f95a5c7cf773bd6e3201cd997efbabf6", kill_on_drop: false }`
[INFO] running `Command { std: "docker" "rm" "-f" "03af4a8a3413634af6de236d7a069080f95a5c7cf773bd6e3201cd997efbabf6", kill_on_drop: false }`
[INFO] [stdout] 03af4a8a3413634af6de236d7a069080f95a5c7cf773bd6e3201cd997efbabf6
[INFO] running `Command { std: "docker" "create" "-v" "/var/lib/crater-agent-workspace/builds/worker-0/target:/opt/rustwide/target:rw,Z" "-v" "/var/lib/crater-agent-workspace/builds/worker-0/source:/opt/rustwide/workdir:ro,Z" "-v" "/var/lib/crater-agent-workspace/cargo-home:/opt/rustwide/cargo-home:ro,Z" "-v" "/var/lib/crater-agent-workspace/rustup-home:/opt/rustwide/rustup-home:ro,Z" "-e" "SOURCE_DIR=/opt/rustwide/workdir" "-e" "CARGO_TARGET_DIR=/opt/rustwide/target" "-e" "CARGO_INCREMENTAL=0" "-e" "RUST_BACKTRACE=full" "-e" "RUSTFLAGS=--cap-lints=forbid" "-e" "CARGO_HOME=/opt/rustwide/cargo-home" "-e" "RUSTUP_HOME=/opt/rustwide/rustup-home" "-w" "/opt/rustwide/workdir" "-m" "1610612736" "--user" "0:0" "--network" "none" "rustops/crates-build-env@sha256:d92eaeed33fa75130ca1ee6c8a01d1ffb62bac859dfdfb3450e3e5d1c0146529" "/opt/rustwide/cargo-home/bin/cargo" "+af3c6e733a40e671550e0f0f5aeecaa13772ba56" "check" "--frozen" "--all" "--all-targets" "--message-format=json", kill_on_drop: false }`
[INFO] [stdout] e3b61102a1e94154edcb79c8c5352bc34259859238bb380da091f3e2285f6052
[INFO] [stderr] WARNING: Your kernel does not support swap limit capabilities or the cgroup is not mounted. Memory limited without swap.
[INFO] running `Command { std: "docker" "start" "-a" "e3b61102a1e94154edcb79c8c5352bc34259859238bb380da091f3e2285f6052", kill_on_drop: false }`
[INFO] [stderr]     Checking xor_encoder v0.1.0 (/opt/rustwide/workdir)
[INFO] [stdout] error[E0433]: failed to resolve: use of undeclared type or module `AtomicBool`
[INFO] [stdout]   --> src/xor.rs:59:28
[INFO] [stdout]    |
[INFO] [stdout] 59 |         let bol = Arc::new(AtomicBool::new(false));
[INFO] [stdout]    |                            ^^^^^^^^^^ not found in this scope
[INFO] [stdout]    |
[INFO] [stdout] help: consider importing one of these items
[INFO] [stdout]    |
[INFO] [stdout] 3  |     use core::sync::atomic::AtomicBool;
[INFO] [stdout]    |
[INFO] [stdout] 3  |     use crate::env::os_imp::vec::fmt::str::option::hint::intrinsics::AtomicBool;
[INFO] [stdout]    |
[INFO] [stdout] 3  |     use std::sync::atomic::AtomicBool;
[INFO] [stdout]    |
[INFO] [stdout] 
[INFO] [stdout] 
[INFO] [stdout] error[E0425]: cannot find value `tx` in this scope
[INFO] [stdout]   --> src/xor.rs:76:13
[INFO] [stdout]    |
[INFO] [stdout] 76 |             tx.send(status).unwrap();
[INFO] [stdout]    |             ^^ not found in this scope
[INFO] [stdout] 
[INFO] [stdout] 
[INFO] [stdout] warning: unused import: `std::ffi::OsString`
[INFO] [stdout]  --> src/main.rs:6:5
[INFO] [stdout]   |
[INFO] [stdout] 6 | use std::ffi::OsString;
[INFO] [stdout]   |     ^^^^^^^^^^^^^^^^^^
[INFO] [stdout]   |
[INFO] [stdout]   = note: `#[warn(unused_imports)]` on by default
[INFO] [stdout] 
[INFO] [stdout] 
[INFO] [stdout] error: aborting due to 2 previous errors; 1 warning emitted
[INFO] [stdout] 
[INFO] [stdout] 
[INFO] [stdout] Some errors have detailed explanations: E0425, E0433.
[INFO] [stdout] 
[INFO] [stdout] For more information about an error, try `rustc --explain E0425`.
[INFO] [stdout] 
[INFO] [stderr] error: could not compile `xor_encoder`.
[INFO] [stderr] 
[INFO] [stderr] To learn more, run the command again with --verbose.
[INFO] [stderr] warning: build failed, waiting for other jobs to finish...
[INFO] [stdout] error[E0433]: failed to resolve: use of undeclared type or module `AtomicBool`
[INFO] [stdout]   --> src/xor.rs:59:28
[INFO] [stdout]    |
[INFO] [stdout] 59 |         let bol = Arc::new(AtomicBool::new(false));
[INFO] [stdout]    |                            ^^^^^^^^^^ not found in this scope
[INFO] [stdout]    |
[INFO] [stdout] help: consider importing one of these items
[INFO] [stdout]    |
[INFO] [stdout] 3  |     use core::sync::atomic::AtomicBool;
[INFO] [stdout]    |
[INFO] [stdout] 3  |     use crate::env::os_imp::vec::fmt::str::option::hint::intrinsics::AtomicBool;
[INFO] [stdout]    |
[INFO] [stdout] 3  |     use std::sync::atomic::AtomicBool;
[INFO] [stdout]    |
[INFO] [stdout] 
[INFO] [stdout] 
[INFO] [stdout] error[E0425]: cannot find value `tx` in this scope
[INFO] [stdout]   --> src/xor.rs:76:13
[INFO] [stdout]    |
[INFO] [stdout] 76 |             tx.send(status).unwrap();
[INFO] [stdout]    |             ^^ not found in this scope
[INFO] [stdout] 
[INFO] [stdout] 
[INFO] [stdout] warning: unused import: `std::ffi::OsString`
[INFO] [stdout]  --> src/main.rs:6:5
[INFO] [stdout]   |
[INFO] [stdout] 6 | use std::ffi::OsString;
[INFO] [stdout]   |     ^^^^^^^^^^^^^^^^^^
[INFO] [stdout]   |
[INFO] [stdout]   = note: `#[warn(unused_imports)]` on by default
[INFO] [stdout] 
[INFO] [stdout] 
[INFO] [stdout] error: aborting due to 2 previous errors; 1 warning emitted
[INFO] [stdout] 
[INFO] [stdout] 
[INFO] [stdout] Some errors have detailed explanations: E0425, E0433.
[INFO] [stdout] 
[INFO] [stdout] For more information about an error, try `rustc --explain E0425`.
[INFO] [stdout] 
[INFO] [stderr] error: build failed
[INFO] running `Command { std: "docker" "inspect" "e3b61102a1e94154edcb79c8c5352bc34259859238bb380da091f3e2285f6052", kill_on_drop: false }`
[INFO] running `Command { std: "docker" "rm" "-f" "e3b61102a1e94154edcb79c8c5352bc34259859238bb380da091f3e2285f6052", kill_on_drop: false }`
[INFO] [stdout] e3b61102a1e94154edcb79c8c5352bc34259859238bb380da091f3e2285f6052
